is the highest common divisor of 62 and 365521?
31
What is the highest common divisor of 1439620 and 104?
52
Calculate the highest common factor of 5526 and 136001.
307
Calculate the highest common divisor of 6965 and 350.
35
Calculate the highest common factor of 18944 and 962.
74
Calculate the greatest common divisor of 450 and 3771.
9
What is the greatest common divisor of 50 and 240?
10
Calculate the greatest common factor of 17472 and 5712.
336
Calculate the greatest common factor of 46 and 2470683.
23
What is the greatest common divisor of 198 and 765842?
22
What is the greatest common divisor of 26758 and 1496?
34
What is the greatest common divisor of 852575 and 67?
67
Calculate the greatest common factor of 1127568 and 3432.
312
What is the highest common divisor of 550760 and 200?
40
What is the highest common factor of 333 and 3365742?
111
Calculate the highest common factor of 413611 and 627.
209
Calculate the highest common factor of 18 and 156438.
18
What is the greatest common divisor of 1372 and 125538?
686
What is the greatest common divisor of 1167 and 3?
3
Calculate the highest common factor of 63 and 40243.
7
Calculate the greatest common factor of 528 and 41148.
12
What is the highest common divisor of 627 and 416867?
11
Calculate the greatest common divisor of 176 and 175472.
176
What is the greatest common divisor of 56 and 5873?
7
What is the greatest common divisor of 2905 and 5146?
83
Calculate the greatest common divisor of 88109 and 123.
41
What is the greatest common divisor of 2137830 and 30?
30
Calculate the greatest common factor of 30546 and 126.
18
Calculate the greatest common divisor of 5832 and 192.
24
Calculate the highest common factor of 9 and 98154.
9
What is the highest common divisor of 2745 and 32391?
549
Calculate the highest common factor of 168247 and 2.
1
Calculate the highest common factor of 41545 and 40.
5
What is the greatest common factor of 279 and 131843?
31
Calculate the greatest common divisor of 10392 and 48.
24
What is the greatest common factor of 26 and 4486?
2
What is the highest common factor of 656 and 94888?
8
Calculate the highest common divisor of 49122 and 96.
6
Calculate the highest common divisor of 1031 and 18.
1
What is the greatest common factor of 23919 and 21182?
119
Calculate the highest common divisor of 327240 and 12.
12
Calculate the greatest common factor of 2061 and 74883.
687
Calculate the highest common divisor of 120 and 179160.
120
Calculate the highest common divisor of 175357 and 455.
91
Calculate the greatest common divisor of 49960 and 1080.
40
Calculate the greatest common divisor of 24414 and 1248.
78
Calculate the greatest common divisor of 3285 and 60480.
45
Calculate the highest common divisor of 190 and 790.
10
Calculate the highest common divisor of 7843 and 744.
31
Calculate the greatest common divisor of 1573359 and 3.
3
What is the highest common divisor of 722 and 20862?
38
Calculate the highest common factor of 2037 and 14.
7
Calculate the greatest common divisor of 4463 and 2.
1
Calculate the highest common factor of 96 and 129552.
48
What is the greatest common factor of 1542 and 3312?
6
What is the highest common factor of 2575 and 114845?
515
Calculate the highest common divisor of 5220 and 9900.
180
What is the greatest common factor of 236 and 578318?
118
Calculate the greatest common divisor of 525559 and 19.
19
Calculate the highest common factor of 65217 and 3.
3
Calculate the highest common factor of 7468790 and 14.
14
What is the greatest common factor of 26 and 303966?
26
What is the greatest common divisor of 416 and 554?
2
What is the greatest common divisor of 115170 and 220?
110
What is the highest common divisor of 856 and 3317?
107
Calculate the highest common factor of 392 and 1221227.
49
Calculate the greatest common divisor of 3 and 79974.
3
What is the greatest common divisor of 5832 and 104?
8
What is the greatest common divisor of 38 and 186333?
19
What is the highest common divisor of 72 and 30616?
8
What is the highest common divisor of 130 and 16744?
26
Calculate the greatest common divisor of 739854 and 27.
27
What is the greatest common factor of 2725 and 14105?
5
Calculate the greatest common divisor of 292 and 177682.
146
What is the highest common factor of 59 and 166?
1
Calculate the greatest common divisor of 192 and 1337232.
48
Calculate the highest common divisor of 74739 and 49.
7
What is the greatest common factor of 558700 and 148?
148
Calculate the greatest common factor of 19071 and 40833.
117
What is the highest common factor of 1827 and 29916?
9
What is the highest common divisor of 28 and 120169?
7
Calculate the greatest common factor of 15040 and 124.
4
Calculate the highest common factor of 48087 and 6669.
351
Calculate the greatest common factor of 99 and 192.
3
Calculate the highest common divisor of 118 and 326093.
59
What is the highest common factor of 649201 and 21?
7
Calculate the greatest common divisor of 16220 and 961846.
1622
Calculate the greatest common factor of 383682 and 78.
78
What is the highest common divisor of 49988 and 4?
4
Calculate the greatest common divisor of 539889 and 273.
21
Calculate the highest common factor of 498 and 33.
3
Calculate the highest common divisor of 23353 and 1507.
11
Calculate the highest common divisor of 7374 and 78.
6
What is the highest common factor of 1481 and 13?
1
What is the greatest common factor of 7209 and 10773?
81
Calculate the highest common factor of 49138 and 158.
158
What is the highest common factor of 445278 and 423?
141
Calculate the greatest common factor of 2206 and 1108.
2
Calculate the greatest common divisor of 3564 and 234.
18
Calculate the highest common divisor of 290 and 144430.
10
Calculate the greatest common factor of 776755 and 35.
35
What is the highest common factor of 104 and 63180?
52
Calculate the highest common divisor of 120479 and 1292.
323
Calculate the highest common divisor of 23 and 14099.
23
Calculate the greatest common factor of 48624 and 732.
12
What is the greatest common divisor of 99193 and 562?
281
What is the greatest common factor of 14500 and 190530?
290
What is the greatest common factor of 23699 and 377?
13
What is the highest common factor of 9469 and 7361?
17
Calculate the greatest common divisor of 1731732 and 12.
12
Calculate the greatest common divisor of 9732 and 12161756.
3244
Calculate the highest common divisor of 3048 and 42744.
24
Calculate the greatest common divisor of 52 and 278512.
52
Calculate the highest common factor of 14160 and 116.
4
What is the highest common factor of 6471 and 81?
9
Calculate the greatest common divisor of 1337 and 1621781.
1337
What is the highest common divisor of 18 and 631194?
6
Calculate the highest common divisor of 341 and 9757.
11
Calculate the highest common factor of 52 and 3333902.
26
Calculate the highest common divisor of 10951 and 940.
47
What is the highest common divisor of 104 and 151112?
104
Calculate the highest common factor of 534132 and 888.
444
Calculate the highest common factor of 58 and 5121719.
29
Calculate the highest common divisor of 6061 and 1856.
29
Calculate the greatest common divisor of 12 and 10596.
12
Calculate the highest common factor of 87945 and 1287.
429
What is the highest common divisor of 95 and 5181205?
95
What is the greatest common divisor of 72 and 191648?
8
What is the greatest common divisor of 2101 and 1067?
11
What is the highest common divisor of 118 and 1622618?
118
What is the highest common divisor of 420122 and 3634?
158
Calculate the highest common factor of 582 and 12.
6
Calculate the greatest common divisor of 58576 and 112.
112
Calculate the greatest common factor of 9 and 3537.
9
What is the highest common divisor of 1586 and 30256?
122
Calculate the highest common factor of 4161 and 80373.
219
What is the greatest common factor of 648 and 13932?
324
What is the greatest common divisor of 111 and 3555?
3
Calculate the highest common divisor of 196 and 40670.
98
Calculate the greatest common divisor of 703701 and 27.
27
What is the greatest common divisor of 1131 and 5481?
87
Calculate the greatest common factor of 449150 and 50.
50
What is the highest common factor of 2492 and 78022?
14
C